at is the value of -10 + (61 - -51) + -33?
69
Calculate 52 + -49 - (-58 + -8 + 19).
50
71 + -33 + 7 + -54
-9
Evaluate -39 - -2 - (-73 + -5).
41
Calculate (1 - (-38 + 1)) + (-493 - -510).
55
Calculate 7 + (1 - 3) + -18 + 6 + -2 + -74.
-83
What is the value of (-6 - -54) + (93 - 110)?
31
0 - (-15 + -2) - (-61 - (1 + -74))
5
Calculate -132 - -94 - ((-26 - -59) + -3).
-68
What is the value of (115 - -48) + (-285 - -16)?
-106
What is the value of ((-16 - -18) + -22 - -27) + 102?
109
48 + -39 + 22 + (-1 - -1 - 6)
25
Evaluate 80 + (-41 - -10) + -120.
-71
What is -64 + 161 + -66 + -63?
-32
Calculate 106 + (-175 - 24) - (-6 - -3).
-90
What is (5 + 6 + 76 - -10) + -3 + -3 + 1?
92
What is 466 - 563 - (-54 - 4)?
-39
What is the value of -2 + 22 + (-19 + 26 - -4)?
31
What is -21 + (79 - (-78 + 80))?
56
Calculate -5 + -14 + 14 + 11 - (10 + (-95 - 10)).
101
87 + -40 + 33 + -41 + 77
116
What is -96 + ((14 - -14) + -51 + 1 + 10 - 1)?
-109
-58 + (-43 - -157) + -14
42
What is the value of 2 + (-10 - (-14 + -75)) + (-12 - -4)?
73
Evaluate (-547 - -544) + 3 + -59.
-59
72 - (45 + -15) - 31 - 94
-83
What is the value of 9 + -9 + 0 + (-9 - -14) - -6?
11
Evaluate 2248 - 2282 - (1 + -1).
-34
What is the value of 16 + (0 - -2 - (-33 + -11 + 56))?
6
Calculate (3 - 3) + 3 - -56 - (51 - (82 + -37)).
53
What is -5 - (58 + 22) - (-41 + 5)?
-49
Calculate 5 - (11 - ((3 - 6) + 5)) - -48.
44
What is (1 - 0) + -6 - (1355 - 1357) - (-41 - 4)?
42
What is the value of -9 + -7 + 11 + 12 + -1 + -1 + 0?
5
Calculate (447 - 478) + (5 - 13).
-39
Evaluate -12 + -13 + 13 + 45 + (-6 - (-9 - 3)).
39
What is the value of 1 + -2 - (5 - 48) - (12 - (-21 + 37))?
46
Evaluate (-1 - 15) + (-64 - (-32 - 24)) + 16.
-8
What is 0 + -63 - (19310 + -19327)?
-46
What is 13 + -31 + 69 - -12 - 31?
32
What is 47 - (54 + -6 + -41)?
40
1 + -78 - (-493 + 507 - (23 + 1))
-67
Evaluate 17 - (11 + -6 + -4) - (-15 + 58).
-27
Evaluate (-1 - 13) + -80 + 122 - 23.
5
Calculate (-2 + 19 + -5 - (10 - 5)) + -44.
-37
Calculate 17 + (-30 - (14 - (8 + -13) - 16)).
-16
(-1507 - -1412) + (1 - -66)
-28
Calculate -1 + -117 - (-39 - (30 + -50)).
-99
What is the value of (-31 - (7 + -1 + -13 - 0)) + 8?
-16
Calculate (-1 - -21 - -19) + 4 + (-1 - -7).
49
Evaluate 79 + -78 + (-3 + 1 - 7) - (-6 + -21).
19
What is the value of 1 + (53 - 13 - 2 - 13)?
26
What is the value of 20 + 2 + 17 + (-84 - -35)?
-10
-20 - -112 - (29 - -91)
-28
Evaluate -4 + 0 + 2 + 7 + (0 - 24) + 1.
-18
What is -7 + (0 - 12) + (-44 - -77)?
14
Evaluate -109 - (11 - 1 - (13 - 34)).
-140
61 - (144 + -51 + -34)
2
46 - 40 - ((-1 - -12) + (-2 - (-30 - -24)))
-9
Calculate 41 - (8 - (36 - 13 - 5)).
51
-1 - ((-50 - -18) + (-19 - -1))
49
What is the value of (3 - -2) + -18 - (155 + -148)?
-20
What is the value of (-22 - 1) + (19 - (29 + -19))?
-14
Calculate -10 - ((5 - 3) + 29 + 9).
-50
4 + (14 - (-1 - 0)) + -32
-13
What is the value of (9 + -1 - 13) + (-8 - -9) - -9?
5
Calculate 70 + (-29 - (-92 - -70)).
63
Calculate 56 + -13 - (17 + 40).
-14
Calculate -23 + 0 - (-1 - (-21 + 3 + (149 - 137))).
-28
What is (3 - 40) + -9 - -34?
-12
(242 - 217) + (2 - 4 - 0)
23
What is the value of -1 - (-2 - 3) - (425 - 411)?
-10
What is 10 + 27 + -49 + 12 + 2 + 61?
63
What is the value of (2 - (-10 + 0)) + -4 + 10?
18
-303 - -205 - (-58 - -14)
-54
What is -2 - ((-22 - -31) + (7 - 13) - 29)?
24
Calculate 11 + -1 + 2 + (4 + -4 - 7).
5
(10 - (-21 + 21 - -39)) + 5
-24
What is -1 + (-3 - -20) + 118 + -211 + -6?
-83
Calculate 10 - 4 - (-95 - (32 + -22 + -40)).
71
Evaluate 4032 - 4009 - (19 + 0).
4
-48 + (26 + -17 - ((2 - -1) + 11))
-53
-65 + (7 + 4 - (16 - 14)) + -4
-60
Calculate 55 - (39 + -33 + 60).
-11
What is the value of (-13 - (-22 + 43 + -74)) + -15?
25
Evaluate 17 - (-6 - (3 - (1 + 9)) - -9) - 6.
1
Evaluate 1 + 16 - (-45 + (22 + -5 - -9)).
36
What is (-17 - (-24 + (6 - -10))) + -5?
-14
What is 2 - (-2 - 11) - (-35 - -78 - -74)?
-102
What is the value of -7 - (-7 + -6 + (-1 - -6) - -15 - -66)?
-80
Evaluate 10 - (-13 + (39 - (15 - -17))).
16
What is the value of -10 + (180 + -175 - (1 + -53 + 4))?
43
Evaluate -499 - -402 - (-2 + -4 + -35).
-56
Evaluate 114 - (14 + 3 - (8 - -4)) - (21 - 18).
106
13 + -9 + -5 + -4 + 12 - (10 + -26)
23
What is the value of -36 - -31 - (0 - 2 - -8 - (-38 - -6))?
-43
Evaluate 13 + -2 - (102 + (-48 - -13) + (-27 - -41)).
-70
What is the value of -19 + 28 + -36 + (-4 - -37)?
6
What is -33 - -49 - (-3 + (-6 - -13)) - 8 - 6?
-2
2 + -72 + (942 - 778)
94
Calculate 16 - (-12 - -29 - 3) - (-5 + 14 - -2).
-9
Calculate (37 - 48 - -21) + (-3 + -57 - (6 - 5)).
-51
(6 + -8 - -13) + -43 + 41
9
What is the value of (-3 - 12 - (-32 - -24)) + -2 + 1?
-8
21 + (-25 + 23 - (-5 + -17))
41
Calculate (0 + 11 - (34 - 16)) + 20 - -97.
110
Calculate (2 - -12) + (-7 - -25) + -30 - 30.
-28
What is the value of -103 - (70 + -171 + 62)?
-64
-1009 + 944 + -4 + 126
57
What is 22 + (-99 - (22 + -80))?
-19
What is the value of -71 + 34 - -39 - (-2 + 20)?
-16
What is 49 + (-20 - 14) + -33 - (-1 + -47)?
30
What is -58 + (35 - 42) + 33?
-32
What is 95 + -12 + 7 + -164?
-74
What is 68 - -10 - (141 + -101)?
38
What is 15 - 6 - ((8 - (8 + -2)) + 0) - 45?
-38
Calculate (-115 - -120) + (13 - (-7 - 3)).
28
-1337 + 1312 - (33 + 0)
-58
(-60 - (-26 + -33)) + 68
67
Calculate 36 + (-7 + (28 - 5) - -3).
55
What is 4 - -11 - (-49 + 32 + -2 + 10)?
24
-4 - (1 + 32 - 9 - (-4 + 6))
-26
Evaluate -164 - -177 - (-33 + (2 - (1 - -5))).
50
Evaluate 8 - (-11 + (-13 - -44)) - 17.
-29
Calculate 49 + 8 - (48 - 32).
41
Calculate 322 + -320 - (1 + -2 - (13 + -6 - -53)).
63
Evaluate 11 - 36 - (-26 - -2).
-1
(-32 - (-7 + 12)) + -24
-61
-9 - 1 - (-29 + (-15 - (1 - -4)))
39
Calculate 144 + -24 + -52 + -129.
-61
Evaluate 75 + (28 - (-20 + 32) - (24 - -3)).
64
What is the value of (46 - 64) + 83 + -28?
37
Evaluate 21 + -14 + -1 + (-9 - -30).
27
Evaluate (1 - -42) + (164 - (51 - -87)).
69
Evaluate 14 + (57 - -51) - 37.
85
Calculate (-3 + 6 + 1 - -3) + (-201 - -204) + 8.
18
Evaluate -25 + (-71 - 11) + 79.
-28
Evaluate 614 + -593 + (-3 - (2 + 3 - 3 - 3)).
19
Evaluate 106 - (192 - 71) - (-1 + 52).
-66
Calculate (-25 - 2) + 2599 + -2672.
-100
What is the value of 52 + 6 + -30 + -16?
12
What is -50 - (-120 - (-194 + 72))?
-52
What is the value of (-24 - -3) + -586 + 601?
-6
What is the value of 10 - (-60 - (-40 + -38))?
-8
What is -24 + 5 + (-14 - 5 - -48) - 23?
-13
What is -54 - (-78 - (-9 + 20))?
35
Evaluate 67 + 2 + -42 - 61.
-34
What is the value of -152 + 124 + -44 - -49?
-23
What is the value of -19 - -3 - (-6 + 30 + -72)?
32
What is 98 + (-95 - -39) + -70?
-28
Evaluate -61 + 125 + -315 + 126.
-125
Evaluate -4 + (-9 - 7) - (-88 - -19).
49
2 + -37 + (18 - 39 - -58)
2
What is the value of (-3 - 28) + 1 + (488 - 500)?
-42
Evaluate 9 + (-86 - -16) + 12 - (1 + -1).
-49
What is -33 - (-20 + (8 - -14) - 139)?
104
1 - (5 + -46 - -25) - 23
-6
Calculate 4 + (22 + -5 + -9 - 51).
-39
What is (-4 - -79) + 4 - (2 + -26 + 24 + -13)?
92
What is (89 - 2) + (-5 - (1 - 13) - (91 - 82))?
85
What is (-6 - -14) + (-8 - (-4 + -5)) + -38?
-29
Calculate -165 + 121 - (4 - 33).
-15
Calculate 79 + -78 + -2 + 31 + -1 + 6 - -4.
39
Evaluate (13 - (-2 + -3 - (17 + -23 + -119))) + 2.
-105
What is the value of -1 - -5 - ((23 - 34) + 13 + (-9 - -2))?
9
-190 + 171 - (-10 + 9)
-18
What is 4 + (-221 + 225 - (-1 - (-1 - 19))) + -91?
-102
What is the value of 6 + -9 + -28 + 16 + 11 + -1 + 2?
-3
Evaluate (12 - -41) + (10 - -17) + -7.
73
(-2 - -7) + -11 - (-446 + 406)
34
What is the value of -14 + (13 - (-33 - -33) - (-47 + -1))?
47
-18 - (-24 + (-19 - -3)) - -2
24
What is the value of (-52 - (-2 - 20 - -11)) + -92?
-133
What is -7 + 15 + (-8 - -5) + -17?
-12
Calculate 21 + (14 - 18 - (10 + 4 + -18)).
21
Calculate -10 + (-13 + 13 + 1 - 51 - -2).
-58
Evaluate -19 - ((-8 - 81) + 56).
14
What is the value of (-4 - 68) + (362 + -361 - (-3 - 8))?
-60
Calculate 10 + (2 - 12) - (-77 + 101).
-24
Evaluate (-22 - (-8 + 1 + -10)) + 6 - -55.
56
Calculate 6 + 26 + -14 + -19 + 18.
17
Evaluate 0 + -55 - (3628 - 3695).
12
Evaluate 4 + -3 + 2 + (-53 + 46 - 45).
-49
Evaluate 1 + -8 - (13 - (4 - (-63 - -4))).
43
What is -86 + (11 - (24 + -36))?
-63
What is (-12 - (2 + 2 + -4)) + (-20 + -1 - 4)?
-37
Evaluate (-21 + -70 - (-1 - 1 - (-5 + 6))) + -5.
-93
What is 8 - -2 - (-9 - -2) - (-39 + -2